{"id":4910,"date":"2022-11-09T10:45:41","date_gmt":"2022-11-09T10:45:41","guid":{"rendered":"https:\/\/www.icterra.pt\/?page_id=4910"},"modified":"2022-11-09T11:43:28","modified_gmt":"2022-11-09T11:43:28","slug":"affiliation-and-acknowledgements","status":"publish","type":"page","link":"https:\/\/www.icterra.pt\/legacy\/index.php\/affiliation-and-acknowledgements\/","title":{"rendered":"Affiliation and Acknowledgements"},"content":{"rendered":"<p><span style=\"font-family: arial, helvetica, sans-serif; font-size: 12pt;\">Rules for the authors affiliation from the ICT \u2013 \u00c9vora Pole (can be adapted according to the journal or conference requirements)<\/span><\/p>\n<p><span style=\"font-family: arial, helvetica, sans-serif; font-size: 12pt;\">Student and Researcher case:<\/span><\/p>\n<p><span style=\"font-family: arial, helvetica, sans-serif; font-size: 12pt;\">Institute of Earth Sciences (ICT), Institute for Advanced Studies and Research (IIFA), University of \u00c9vora, Rua Rom\u00e3o Ramalho, 59, 7000-671 \u00c9vora, Portugal.<\/span><\/p>\n<p>&nbsp;<\/p>\n<p><span style=\"font-family: arial, helvetica, sans-serif; font-size: 12pt;\">Professor case:<\/span><\/p>\n<p><span style=\"font-family: arial, helvetica, sans-serif; font-size: 12pt;\">Institute of Earth Sciences (ICT), Department of <strong>XXXXXX<\/strong>, School of Sciences and Technology, University of \u00c9vora, Rua Rom\u00e3o Ramalho, 59, 7000-671 \u00c9vora, Portugal.<\/span><\/p>\n<p>&nbsp;<\/p>\n<p><span style=\"font-family: arial, helvetica, sans-serif; font-size: 12pt;\">Acknowledgments statement for only source of funding:<\/span><\/p>\n<p><span style=\"font-family: arial, helvetica, sans-serif; font-size: 12pt;\">The work is funded by national funds through FCT &#8211; Funda\u00e7\u00e3o para a Ci\u00eancia e Tecnologia, I.P., in the framework of the ICT project with the references UIDB\/04683\/2020 and UIDP\/04683\/2020.<\/span><\/p>\n<p>&nbsp;<\/p>\n<p><span style=\"font-family: arial, helvetica, sans-serif; font-size: 12pt;\">Acknowledgments statement for more than one source of funding (projects, grants, funds, etc):<\/span><\/p>\n<p><span style=\"font-family: arial, helvetica, sans-serif; font-size: 12pt;\">The work is co-funded by national funds through FCT &#8211; Funda\u00e7\u00e3o para a Ci\u00eancia e Tecnologia, I.P., in the framework of the ICT project with the references UIDB\/04683\/2020 and UIDP\/04683\/2020.<\/span><\/p>\n","protected":false},"excerpt":{"rendered":"<p>Rules for the authors affiliation from the ICT \u2013 \u00c9vora Pole (can be adapted according to the journal or conference requirements) Student and Researcher case: Institute of Earth Sciences (ICT), Institute for Advanced Studies and Research (IIFA), University of \u00c9vora, Rua Rom\u00e3o Ramalho, 59, 7000-671 \u00c9vora, Portugal. &nbsp; Professor case: Institute of Earth Sciences (ICT), [&hellip;]<\/p>\n","protected":false},"author":2,"featured_media":0,"parent":0,"menu_order":0,"comment_status":"closed","ping_status":"closed","template":"","meta":{"footnotes":""},"_links":{"self":[{"href":"https:\/\/www.icterra.pt\/legacy\/index.php\/wp-json\/wp\/v2\/pages\/4910"}],"collection":[{"href":"https:\/\/www.icterra.pt\/legacy\/index.php\/wp-json\/wp\/v2\/pages"}],"about":[{"href":"https:\/\/www.icterra.pt\/legacy\/index.php\/wp-json\/wp\/v2\/types\/page"}],"author":[{"embeddable":true,"href":"https:\/\/www.icterra.pt\/legacy\/index.php\/wp-json\/wp\/v2\/users\/2"}],"replies":[{"embeddable":true,"href":"https:\/\/www.icterra.pt\/legacy\/index.php\/wp-json\/wp\/v2\/comments?post=4910"}],"version-history":[{"count":4,"href":"https:\/\/www.icterra.pt\/legacy\/index.php\/wp-json\/wp\/v2\/pages\/4910\/revisions"}],"predecessor-version":[{"id":5420,"href":"https:\/\/www.icterra.pt\/legacy\/index.php\/wp-json\/wp\/v2\/pages\/4910\/revisions\/5420"}],"wp:attachment":[{"href":"https:\/\/www.icterra.pt\/legacy\/index.php\/wp-json\/wp\/v2\/media?parent=4910"}],"curies":[{"name":"wp","href":"https:\/\/api.w.org\/{rel}","templated":true}]}}